 s?
2
Suppose -4*j - 3*x + 381 = 0, 0 = -j - x - 0*x + 94. What is the tens digit of j?
9
Let z(s) = -12*s + 3. Let o be z(2). Let b = 35 + o. What is the units digit of b?
4
Let w(d) = -d**3 + 4*d**2 + 4*d + 3. Let s be w(5). Let b = s + 4. What is the tens digit of (-5)/4*(-10 + b)?
1
Let k be (1 + 1)/(7/21). Let u be (3/(-2))/((-3)/k). Suppose -2*h - u*h + 70 = 0. What is the tens digit of h?
1
Let g be 2/(-9) + (-2)/(-9). Suppose 0 = 5*k + v, -k - 3*k + 3*v = g. Suppose -4*a = -k*a - 28. What is the units digit of a?
7
Let d be 5/(3/((-3)/(-1))). What is the units digit of 1 + 6/(-3) + d?
4
Suppose a - 17 - 5 = t, 4*t = -a + 27. What is the units digit of a?
3
Suppose 0 = -w + 3*b + 68, 2*b = -3*w + 98 + 128. Let z = w - 49. What is the units digit of z?
5
Suppose -a - 3*z = -15, 3*a - 32 + 3 = -5*z. Suppose a = 3*r - 6. Suppose -r*p = -2 - 4. What is the units digit of p?
2
Let m = -27 + 18. What is the units digit of (-81)/(-12) + m/12?
6
Let u = -2 + 6. Let k = 3 - u. Let v = k - -11. What is the tens digit of v?
1
Let l(b) be the second derivative of b**3/6 + 9*b**2/2 - 4*b. What is the units digit of l(7)?
6
Let x be 3/2*(-12)/18. Let u(w) = -21*w - 1. What is the units digit of u(x)?
0
Let j(a) = -a**2 + 4*a + 5. Let k(t) = 2*t - 8. Let z be k(6). Suppose -z*h + 16 = x + x, 0 = 5*x + 5*h - 30. What is the units digit of j(x)?
5
Suppose 64 = 2*i - 3*t - 61, -2*t = -i + 65. Suppose 0 = -2*j + i + 31. What is the units digit of j?
3
Let l(v) = v**3 - 3*v**2 - 18*v - 3. What is the hundreds digit of l(8)?
1
Let j = 155 - 24. What is the hundreds digit of j?
1
Suppose -5*q + 5*j + 750 - 290 = 0, -2*q = -3*j - 187. What is the tens digit of q?
8
Suppose 369 = 19*r - 16*r. What is the units digit of r?
3
Let x be (-5)/((-2)/(-2) + -2). What is the tens digit of (x - 1 - 7) + 27?
2
Let f(k) = k**3 - 4*k**2 - 6*k - 3. Suppose 13 = 4*t - 11. Let p be f(t). Let y = p - 20. What is the tens digit of y?
1
Let k(f) = -f**2 + 8*f + 7. Let z(c) = -c - 1. Let w(g) = -k(g) - 6*z(g). Let r(j) = j**2 - 1. Let b be r(2). What is the units digit of w(b)?
2
Suppose 0 = -g + 5 - 11. What is the units digit of (2/(-3))/(2/g)?
2
Let q = -50 + 198. What is the units digit of q?
8
What is the units digit of 10/60 + -47*(-1)/6?
8
Let f(w) = -w + 65. Let m be f(0). Suppose 5*g - 40 = m. What is the units digit of g?
1
Let q(g) be the first derivative of -g**2 + g + 3. Let o be q(-1). What is the units digit of (o + 1 + -2)*2?
4
Suppose -2*g = -4*g. Suppose g*q + 4*q = 44. What is the units digit of q?
1
Suppose 5*x + 3 = 43. Suppose x = p - 0. Let j = 12 - p. What is the units digit of j?
4
Let q be (12/9)/((-2)/12). Let f(z) = -z**2 - 10*z - 3. Let g be f(-7). Let a = g + q. What is the units digit of a?
0
Let c = -21 + 25. What is the units digit of c?
4
Let u(d) = 126*d**3 - d**2 + 3*d - 2. What is the tens digit of u(1)?
2
Suppose -d + 12 = -4*d, 72 = 4*n + 2*d. What is the units digit of n?
0
Let w(s) = 40*s**2 - 1. What is the units digit of w(-1)?
9
Let f(p) = -20*p**3 + 2*p**2 + 2*p + 1. What is the tens digit of f(-1)?
2
Let l = 14 - 11. Suppose w + 24 = l*w. What is the tens digit of w?
1
Suppose -m = -3*u - 7, -2*m + 2*u + 3 = -m. Let p be (1*2)/(3 + m). Let a = 4 + p. What is the units digit of a?
3
Let l(j) = j**2 + 8*j + 11. Let d be l(-5). What is the units digit of (2 + -4 - d) + 42?
4
Let c be 2*(-2)/4 - -1. Let l be c + 3/1 + -1. Suppose l*v + v = 33. What is the units digit of v?
1
Suppose b = -j + 3*b, 0 = 2*b - 2. What is the units digit of j?
2
Let g = 15 + -13. What is the units digit of (g/3)/((-10)/(-105))?
7
Suppose 2*v + 3*c = 3, -3*c + 3 = -0. Suppose 8 = 4*p - 2*m, v = 3*p + m + 2*m + 3. Suppose -3 = -2*j - p. What is the units digit of j?
1
Let n = -2 + 18. Suppose -5*x + x = -n. What is the units digit of ((-6)/4)/((-3)/x)?
2
Let v be 16 - 3/(-2)*-2. Suppose -v*f + 15 = -8*f. What is the units digit of f?
3
Let j = -122 + 183. What is the units digit of j?
1
Let n(h) = -h + 10. Let c(w) = 8*w. Let p be c(1). Let t be n(p). What is the units digit of -5*t*(-2)/4?
5
Let n be (4/(-2 + 1))/(-1). Suppose -44 = n*o - 6*o. What is the units digit of o?
2
Suppose -7 + 34 = -4*p + z, 3*z = 4*p + 17. Let n be p/(-2)*(-18)/8. What is the units digit of (-1)/((n/(-24))/(-3))?
8
Suppose -4*i = -4*u - 156, -2*u = 3*i - 0*u - 92. What is the units digit of i?
4
Let r(q) = -3*q - 12. Let b be r(10). Let w = b - -69. What is the units digit of w?
7
Let z be -1*2 - (3 + 1). Let h = z + 6. Suppose -4*u + 26 = 2*o - 0*u, h = 5*o - 4*u - 51. What is the tens digit of o?
1
What is the hundreds digit of 1/(-3 + (-2 - 1222/(-244)))?
1
Let i(s) be the first derivative of -s**4/4 - 5*s**3/3 + 7*s**2/2 - 7*s - 7. What is the units digit of i(-7)?
2
Let k = 84 + 41. Suppose 0 = -3*h + 8*h - k. What is the tens digit of h?
2
Suppose -q - 13*q + 1554 = 0. What is the units digit of q?
1
Suppose 5*p + 36 = q, -7*q + 2*q + 2*p + 65 = 0. What is the units digit of q?
1
Suppose 2*c + 2*a - 95 = 5*a, -3*a = -4*c + 175. What is the units digit of c?
0
Let j = 833 - 509. What is the hundreds digit of j?
3
Let i(s) be the third derivative of 2*s**5/15 - s**4/24 - s**2. Let u be 9/(-45) + 12/10. What is the units digit of i(u)?
7
Let m(h) = -h**2 + 9*h - 3. Let r be m(7). Suppose -2*g - r = -31. What is the units digit of g?
0
Let z = -106 - -159. What is the units digit of z?
3
Let w be 4/22 - (-101)/(-11). What is the units digit of 2/3 + (-30)/w?
4
Suppose -28*w + 23*w = -190. What is the units digit of w?
8
Let c(q) = -q**3 + q**2 + 104. What is the hundreds digit of c(0)?
1
Suppose -4*j + 4*f = -200, 0*f + 121 = 2*j + 5*f. What is the tens digit of j?
5
Suppose -3*h + 39 + 18 = 0. What is the tens digit of h?
1
Let i(k) = -4*k - 5. Let a be i(-2). Suppose a*c - 10*c = -63. What is the units digit of c?
9
Suppose 2*v + 2*v - 4*n - 8 = 0, n = -v - 8. Let t = v - -6. Suppose -t = -g + 4. What is the units digit of g?
7
Suppose 114 - 20 = 2*m. What is the units digit of m?
7
Suppose -4*j = -k + 33, -3*j + 6*j + 80 = 4*k. What is the tens digit of k?
1
Let k(g) = 5*g**2 - 6*g + 1. Let h(l) = -6*l**2 + 7*l - 1. Let j(b) = 4*h(b) + 5*k(b). Let w = -5 - -7. What is the units digit of j(w)?
1
Let a(p) = p**2 + 6*p + 15. What is the units digit of a(-6)?
5
What is the hundreds digit of 289*1 - (6 + -9)?
2
Suppose 6*a - a = 0. Suppose a*p + 1 = p. What is the units digit of p?
1
Suppose -2*s = 1 + 1. Let z be 0 - 4*6*s. Let c = -15 + z. What is the units digit of c?
9
Let a(o) = o + 18. What is the units digit of a(-13)?
5
Let q = 7 - 3. Suppose 2*z = 4*t - 8, -q*z = -t + z - 16. What is the units digit of t?
4
Let h(j) = 72*j**2. What is the tens digit of h(1)?
7
Let j = -159 - -303. What is the units digit of j?
4
Suppose 5*l = -0*c - 4*c + 99, -3*l = 3*c - 60. Suppose 0 = -4*s - 5*d + l + 12, 23 = 5*s + d. Suppose s*y - 42 = -6. What is the units digit of y?
9
Suppose 2*t + 4*y - 24 = 0, 0 = 2*t - 2*y - 2*y + 16. Suppose 0 = t*a - 4*a + 3*q + 29, 3*a - 35 = -4*q. What is the units digit of a?
3
Suppose 5*x - 4*l - 817 = 0, -5*x + 0*l + 827 = l. Suppose 121 = 2*b - 5*i, 3*b - i - x = i. What is the tens digit of b?
5
Let v(f) = 6 - f**2 + 0*f**2 - 9*f + 2*f**2. Let t be v(8). What is the units digit of 78/10 + t/(-10)?
8
Suppose 13 = -4*f + 1, -12 = 3*q - 4*f. Let w = q + 13. What is the units digit of w?
5
Let h = 139 - 58. What is the tens digit of h?
8
Suppose 9 = 3*s - 72. What is the tens digit of s?
2
Let h(k) = 7*k - 35. What is the units digit of h(16)?
7
Suppose 230 = -9*q + 4*q. Let l = 65 + q. What is the units digit of l?
9
Let b be (-18)/(-15)*(-10)/(-4). Let g = b - 1. What is the units digit of 3*g/6 - 0?
1
Let d = 66 + -12. What is the tens digit of d?
5
Let q = 11 - 8. Suppose 2*j - 8 + 4 = 0. Suppose -q*s = 4*x - 19, 5*x - 2*s - j = -7. What is the units digit of x?
1
Let s = -2 - -7. Suppose 2*a - 10 = -2*x + 4, s*a - 5*x = 45. What is the units digit of a?
8
Suppose 54*g - 50*g = 1544. What is the tens digit of g?
8
Let h = 8 - 2. Let d be h*(3 + -5)/6. Let r(q) = -6*q - 2. What is the units digit of r(d)?
0
Let q = 1 + -4. Let t = q - -5. What is the units digit of t?
2
Let z be (-2)/(-4) - (-3)/2. Suppose z*r - 34 = -3*n + 4*r, 0 = 2*n + 3*r - 1. W